{"id":3710,"date":"2022-04-10T14:33:47","date_gmt":"2022-04-10T11:33:47","guid":{"rendered":"http:\/\/www.jyvaskylanvalo.net\/?page_id=3710"},"modified":"2022-10-05T18:33:57","modified_gmt":"2022-10-05T15:33:57","slug":"seurastrategia","status":"publish","type":"page","link":"https:\/\/www.jyvaskylanvalo.net\/?page_id=3710","title":{"rendered":"Seurastrategia"},"content":{"rendered":"\n<p>Tutustu Jyv\u00e4skyl\u00e4n Valon seurastrategiaan, jota p\u00e4ivitet\u00e4\u00e4n yhdess\u00e4 seuran j\u00e4senten kanssa vuosittain.<\/p>\n\n\n\n<div class=\"wp-block-file\"><a href=\"http:\/\/www.jyvaskylanvalo.net\/wp-content\/uploads\/2022\/04\/Jyva\u0308skyla\u0308n-Valon-seurastrategia.pdf\">Jyva\u0308skyla\u0308n Valon seurastrategia<\/a><a href=\"http:\/\/www.jyvaskylanvalo.net\/wp-content\/uploads\/2022\/04\/Jyva\u0308skyla\u0308n-Valon-seurastrategia.pdf\" class=\"wp-block-file__button\" download>Lataa<\/a><\/div>\n","protected":false},"excerpt":{"rendered":"<p>Tutustu Jyv\u00e4skyl\u00e4n Valon seurastrategiaan, jota p\u00e4ivitet\u00e4\u00e4n yhdess\u00e4 seuran j\u00e4senten kanssa vuosittain.<\/p>\n","protected":false},"author":1,"featured_media":0,"parent":0,"menu_order":0,"comment_status":"closed","ping_status":"closed","template":"","meta":{"_mi_skip_tracking":false,"_exactmetrics_sitenote_active":false,"_exactmetrics_sitenote_note":"","_exactmetrics_sitenote_category":0},"_links":{"self":[{"href":"https:\/\/www.jyvaskylanvalo.net\/index.php?rest_route=\/wp\/v2\/pages\/3710"}],"collection":[{"href":"https:\/\/www.jyvaskylanvalo.net\/index.php?rest_route=\/wp\/v2\/pages"}],"about":[{"href":"https:\/\/www.jyvaskylanvalo.net\/index.php?rest_route=\/wp\/v2\/types\/page"}],"author":[{"embeddable":true,"href":"https:\/\/www.jyvaskylanvalo.net\/index.php?rest_route=\/wp\/v2\/users\/1"}],"replies":[{"embeddable":true,"href":"https:\/\/www.jyvaskylanvalo.net\/index.php?rest_route=%2Fwp%2Fv2%2Fcomments&post=3710"}],"version-history":[{"count":4,"href":"https:\/\/www.jyvaskylanvalo.net\/index.php?rest_route=\/wp\/v2\/pages\/3710\/revisions"}],"predecessor-version":[{"id":3836,"href":"https:\/\/www.jyvaskylanvalo.net\/index.php?rest_route=\/wp\/v2\/pages\/3710\/revisions\/3836"}],"wp:attachment":[{"href":"https:\/\/www.jyvaskylanvalo.net\/index.php?rest_route=%2Fwp%2Fv2%2Fmedia&parent=3710"}],"curies":[{"name":"wp","href":"https:\/\/api.w.org\/{rel}","templated":true}]}}