{"id":3176,"date":"2020-09-13T21:33:12","date_gmt":"2020-09-13T18:33:12","guid":{"rendered":"http:\/\/www.jyvaskylanvalo.net\/?page_id=3176"},"modified":"2024-10-03T09:26:23","modified_gmt":"2024-10-03T06:26:23","slug":"kausi-2020-2021","status":"publish","type":"page","link":"https:\/\/www.jyvaskylanvalo.net\/?page_id=3176","title":{"rendered":"Kausi 2023-2024"},"content":{"rendered":"\n<p>S\u00e4b\u00e4gissat osallistuvat kaudella 2023-2024 naisten 3.divarin Sis\u00e4-Suomen lohkoon. Valolla pelaa naisten samassa lohkossa kaksi eri joukkuetta, Valo 1 ja Valo 2. Valon 1 joukkue treenaa aktiivisesti kaksi kertaa viikossa ja mukana on sek\u00e4 pelaajia, ett\u00e4 treenareita.<\/p>\n\n\n\n<p>Mik\u00e4li treenaminen Valon gissojen kanssa kiinnostaa, voit ottaa yhteytt\u00e4 s\u00e4hk\u00f6postitse valonaisetsalibandy@gmail.com. T\u00e4ll\u00e4 hetkell\u00e4 molemmat joukkueet ovat t\u00e4ynn\u00e4, mutta tilanteet el\u00e4v\u00e4t ja ajantasainen tilanne kannattaa aina tarkistaa! Treenari-mahdollisuus on my\u00f6s Valon 1 -joukkueessa, treenareilta toivomme jonkinlaista harrastustaustaa entuudestaan. Otathan rohkeasti yhteytt\u00e4!<\/p>\n\n\n\n<p>Valo perustaa my\u00f6s kokonaan uuden joukkueen miesten sarjaan, joka l\u00e4htee kaudelle 2023-24 pelaamaan miesten 5.divarin Sis\u00e4-Suomen lohkoon. Miesten Joukkue on etsii viel\u00e4 kentt\u00e4pelaaja tai  treenareita niin voit ottaa yhteytt\u00e4 jyvaskylanvalo@gmail.com. <\/p>\n\n\n\n<p>Miesten joukkue kausi 2024-2025 Turnaukset Buugi 29.9, 19.10 Hankasalmi klo 11 Hanka-Valo klo14 Valo-parkettipantterit. La 9.11 Vihtavuori. 2 peli\u00e4.  <\/p>\n\n\n\n<p>2023-24 kausi oli hieno.<\/p>\n\n\n\n<p>Valon ekat ottelut on pelattu Sc Luppo- Valo meni ihmetelless\u00e4 14-3 ja toisessa peliss\u00e4 sit saatiin historiallinen eka voitto Kuukka gunnersista 7-5 Maukosen veljekst tekiv\u00e4t 3 maalia mieheen. Seuraava turnaus on 22.10 Pihtiputaalla. Ottelut O2-Valo , Valo-Pudis.  https:\/\/tulospalvelu.salibandy.fi\/<\/p>\n\n\n\n<p> Valon miesten reissu 2kent\u00e4llisell\u00e4 oli j\u00e4\u00e4hyt\u00f6n mutta tapahtumarikas reissu Eka peli 02-Jyv\u00e4skyl\u00e4 n\u00e4ytti mallia miten paikat k\u00e4ytet\u00e4\u00e4n eka er\u00e4 7-2 oli valolta jalaton esitys  mutta peli parani toiseen er\u00e4\u00e4n ja alkoi taistelutahtoa l\u00f6yty\u00e4 ja peli-ilo parani oikein urakalla.02-Valo p\u00e4\u00e4ttyi 12-7. Maalintekij\u00f6in\u00e4 kunnostautui komeasti Koskinen 3+0 Niklas H\u00e4gg 3+2 ,Niklas Moilanen 1+0. Toinen peli paikallisjoukkuetta vastaan Pudis Pihtiputaalta ja tunnelmaa l\u00f6ytyi.<\/p>\n\n\n\n<p> Eka vaihto alkoi tutusti omissa kolisi ja ek\u00e4 er\u00e41-3 Valon ollessa kotijoukkue komeasti kirittiin ohi toisessa er\u00e4ss\u00e4 5-4 ,mutta ei riitt\u00e4nyt Valolta loppui energia ja lopussa vastustajan maalivahti otti pari pelastusta yl\u00e4kulmasta josta muuten olisi tullut komea maali  kun vastustaja tuli 3 kent\u00e4llisell\u00e4 tappio tuli 5-9tehomiehet Koskinen 2+1 H\u00e4gg 1+2, Moilanen 2+0 Rasmus Maukonen0+2. Erityismaininta tuomareilta  rehellisest\u00e4 pelist\u00e4!<\/p>\n\n\n\n<p>Valon Miestan salibandyTurnaukset 11.11 Uurainen 10:12 Liikuntakeskus Buugi (kotiturnaus), sek\u00e4 Keljonkangas 6.1.2024 ja Saarij\u00e4rvi 20.1.24<br><\/p>\n","protected":false},"excerpt":{"rendered":"<p>S\u00e4b\u00e4gissat osallistuvat kaudella 2023-2024 naisten 3.divarin Sis\u00e4-Suomen lohkoon. Valolla pelaa naisten samassa lohkossa kaksi eri joukkuetta, Valo 1 ja Valo 2. Valon 1 joukkue treenaa aktiivisesti kaksi kertaa viikossa ja mukana on sek\u00e4 pelaajia, ett\u00e4 treenareita. Mik\u00e4li treenaminen Valon gissojen kanssa kiinnostaa, voit ottaa yhteytt\u00e4 s\u00e4hk\u00f6postitse valonaisetsalibandy@gmail.com. T\u00e4ll\u00e4 hetkell\u00e4 molemmat joukkueet ovat t\u00e4ynn\u00e4, mutta tilanteet<\/p>\n<p><a class=\"read-more\" href=\"https:\/\/www.jyvaskylanvalo.net\/?page_id=3176\"> Lue lis&auml;&auml;<\/a><\/p>\n","protected":false},"author":1,"featured_media":0,"parent":0,"menu_order":0,"comment_status":"closed","ping_status":"closed","template":"","meta":{"_mi_skip_tracking":false,"_exactmetrics_sitenote_active":false,"_exactmetrics_sitenote_note":"","_exactmetrics_sitenote_category":0},"_links":{"self":[{"href":"https:\/\/www.jyvaskylanvalo.net\/index.php?rest_route=\/wp\/v2\/pages\/3176"}],"collection":[{"href":"https:\/\/www.jyvaskylanvalo.net\/index.php?rest_route=\/wp\/v2\/pages"}],"about":[{"href":"https:\/\/www.jyvaskylanvalo.net\/index.php?rest_route=\/wp\/v2\/types\/page"}],"author":[{"embeddable":true,"href":"https:\/\/www.jyvaskylanvalo.net\/index.php?rest_route=\/wp\/v2\/users\/1"}],"replies":[{"embeddable":true,"href":"https:\/\/www.jyvaskylanvalo.net\/index.php?rest_route=%2Fwp%2Fv2%2Fcomments&post=3176"}],"version-history":[{"count":16,"href":"https:\/\/www.jyvaskylanvalo.net\/index.php?rest_route=\/wp\/v2\/pages\/3176\/revisions"}],"predecessor-version":[{"id":4025,"href":"https:\/\/www.jyvaskylanvalo.net\/index.php?rest_route=\/wp\/v2\/pages\/3176\/revisions\/4025"}],"wp:attachment":[{"href":"https:\/\/www.jyvaskylanvalo.net\/index.php?rest_route=%2Fwp%2Fv2%2Fmedia&parent=3176"}],"curies":[{"name":"wp","href":"https:\/\/api.w.org\/{rel}","templated":true}]}}