{"id":288,"date":"2016-07-11T16:27:08","date_gmt":"2016-07-11T13:27:08","guid":{"rendered":"http:\/\/www.jyvaskylanvalo.net\/wordpress\/?page_id=288"},"modified":"2025-03-03T19:30:28","modified_gmt":"2025-03-03T17:30:28","slug":"naiset","status":"publish","type":"page","link":"https:\/\/www.jyvaskylanvalo.net\/?page_id=288","title":{"rendered":"Naiset Pes\u00e4pallo"},"content":{"rendered":"<h2>Valon naisten pes\u00e4pallojoukkue<\/h2>\n<h2>Kausi 2025<\/h2>\n<p>Kaudella 2025 Valon naiset eiv\u00e4t osallistu naisten maakuntasarjaan v\u00e4h\u00e4isen pelaajam\u00e4\u00e4r\u00e4n vuoksi. Reenit py\u00f6riv\u00e4t kuitenkin l\u00e4pi vuoden ja joukkoon otetaan lis\u00e4\u00e4 harrastajia mukaan.<\/p>\n<p>Mik\u00e4li reenaaminen Valon gissoissa kiinnostaa ja sinulta l\u00f6ytyy kokemusta pes\u00e4pallosta, otathan yhteytt\u00e4 s\u00e4hk\u00f6postilla jyvaskylanvalo@gmail.com.<\/p>\n<h2>Kausi 2024<\/h2>\n<p>Kaudella 2024 Valon pesisgissat osallistuivat maakuntasarjan it\u00e4lohkoon yhden v\u00e4livuoden j\u00e4lkeen. Pelaajia on t\u00e4ll\u00e4 hetkell\u00e4 kasassa n. 18 ja muutamalle lis\u00e4pelurille olisi viel\u00e4 tarvetta.<\/p>\n<h2>Kausi 2023<\/h2>\n<p>Kaudella 2023 Valon pesisgissat eiv\u00e4t osallistuneet sarjaan, mutta harjoittelivat talvella kerran viikossa ja kes\u00e4ll\u00e4 1-2 krt \/viikossa.<\/p>\n<h2>Kausi 2022<\/h2>\n<p>Valon naisten pesisjoukkue osallistui my\u00f6s 2022 naisten maakuntasarjan it\u00e4lohkoon. Talven aikana pesisgissat reenasivat kerran viikossa Kuokkalan Graniitissa ja kes\u00e4kaudella kaksi kertaa viikossa Yrttisuon pes\u00e4pallokent\u00e4ll\u00e4.<\/p>\n<p><strong>Valon naisten ottelut kaudella 2022<br \/><\/strong>(Kotiottelut tummennettu)<\/p>\n<p>Lauantaina 21.5.2022 KiPa-90 &#8211; Valo 2-0 (13-3, 5-2)\u00a0 <a href=\"http:\/\/www.jyvaskylanvalo.net\/?p=3740\">Otteluraportti<\/a><br \/><strong>Tiistaina 31.5.2022 klo 18.30 Valo &#8211; PK-P (Varkaus)<\/strong> 1-2 (7-2, 1-4, 1-1, 1-4) <a href=\"http:\/\/www.jyvaskylanvalo.net\/?p=3756\">Otteluraportti<\/a><br \/><strong>Tiistaina 7.6.2022 klo 18.30 Valo &#8211; PuPe 2\u00a0<\/strong>2-0 (4-2, 14-12) <a href=\"http:\/\/www.jyvaskylanvalo.net\/?p=3765\">Otteluraportti<\/a><br \/><strong>Lauantaina 11.6.2022 klo 13.00 Valo &#8211; IlU\u00a0<\/strong>2-1 (8-6, 1-3, 3-0) <a href=\"http:\/\/www.jyvaskylanvalo.net\/?p=3778\">Otteluraportti<\/a><br \/>Lauantaina 19.6.2022 klo 16.00 PK-P &#8211; Valo 1-2s (9-21, 5-1, 1-2) <a href=\"http:\/\/www.jyvaskylanvalo.net\/?p=3805\">Otteluraportti<\/a><br \/>Sunnuntaina 3.7.2022 klo 15.00 SiiPe 3 &#8211; Valo 2-0 (7-1, 7-4)<a href=\"http:\/\/www.jyvaskylanvalo.net\/?p=3807\"> Otteluraportti<\/a><br \/>Sunnuntaina 24.7.2022 klo 15.00 PuPe 2 &#8211; Valo 0-2 (3-9, 3-12) <a href=\"http:\/\/www.jyvaskylanvalo.net\/?p=3809\">Otteluraportti<\/a><br \/><strong>Sunnuntaina 31.7.2022 klo 18.00 Valo &#8211; SiiPe 3\u00a0<\/strong>2-0 (5-3, 9-8) <a href=\"http:\/\/www.jyvaskylanvalo.net\/?p=3812\">Otteluraportti<\/a><br \/><strong>Sunnuntaina 7.8.2022 klo 13:00 Valo &#8211; KiPa-90\u00a0<\/strong>0-1 (8-8, 4-0) <a href=\"http:\/\/www.jyvaskylanvalo.net\/?p=3817\">Otteluraportti<\/a><br \/>Lauantaina 13.8.2022 klo 15.00 IlU &#8211; Valo\u00a0\u00a0<br \/>Sunnuntaina 14.8.2022 klo 15.00 ViU 2 &#8211; Valo\u00a0<br \/><strong>Lauantaina 20.8.2022 klo 13.00 Valo &#8211; ViU 2\u00a0<\/strong><\/p>\n<h2>Kausi 2021<\/h2>\n<p>Valon pesisgissat osallistuivat kaudella 2021 naisten maakuntasarjan it\u00e4lohkoon. Kes\u00e4ll\u00e4 reenit py\u00f6riv\u00e4t keskim\u00e4\u00e4rin kaksi kertaa viikossa Yrttisuon pes\u00e4pallokent\u00e4ll\u00e4.<\/p>\n<p><strong>Valon naisten ottelut kaudella 2021<br \/><\/strong>(Kotiottelut tummennettu)<strong><br \/><\/strong><\/p>\n<p><em>Lauantaina 22.5.2021 PK-P (Varkaus) &#8211; Valo 2-0 (3-2, 5-3) <\/em><a href=\"http:\/\/www.jyvaskylanvalo.net\/?p=3481\">Otteluraportti<\/a><br \/><em>Lauantaina 29.5.2021 KiPa (Kitee) &#8211; Valo 2-0 (3-0, 6-1) <\/em><a href=\"http:\/\/www.jyvaskylanvalo.net\/?p=3516\">Otteluraportti<\/a><br \/><em>Lauantaina 19.6.2021 PuPe 2 (Kuopio) &#8211; Valo 2-0 (8-5, 7-0)<\/em> <a href=\"http:\/\/www.jyvaskylanvalo.net\/?p=3523\">Otteluraportti<\/a><br \/><em><strong>Lauantaina 3.7.2021 klo 13.00 Valo &#8211; SiiPe 3 <\/strong>1-2 <strong>(<\/strong>12-6, 1-14, 1-4)<\/em> <a href=\"http:\/\/www.jyvaskylanvalo.net\/?p=3546\">Otteluraportti<\/a><br \/><em><strong>Lauantaina 10.7.2021 klo 13.00 Valo &#8211; ViU <\/strong>2 0-2 (1-6, 2-6)<\/em> <a href=\"http:\/\/www.jyvaskylanvalo.net\/?p=3562\">Otteluraportti<\/a><br \/><em>Sunnuntaina 11.7.2021 klo 16.00 SiiPe 3 &#8211; Valo 2-0 (9-8, 3-0)<\/em> <a href=\"http:\/\/www.jyvaskylanvalo.net\/?p=3586\">Otteluraportti<\/a><br \/><em><strong>Sunnuntaina 25.7.2021 klo 13.00 Valo &#8211; JoMa 3 <\/strong>0-2 (2-9, 4-10)<\/em> <a href=\"http:\/\/www.jyvaskylanvalo.net\/?p=3590\">Otteluraportti<\/a><br \/><em><strong>Lauantaina 7.8.2021 klo 13.00 Valo &#8211; PK-P <\/strong>0-2 (7-8, 4-5)<\/em> <a href=\"http:\/\/www.jyvaskylanvalo.net\/?p=3595\">Otteluraportti<\/a><strong><br \/><em>Sunnuntaina 8.8.2021 klo 13.00 Valo &#8211; KiPa <\/em><\/strong><em>0-2 (1-8, 2-5)<\/em> <a href=\"http:\/\/www.jyvaskylanvalo.net\/?p=3604\">Otteluraportti<\/a><strong><br \/><em>Sunnuntaina 8.8.2021 klo 17.00 Valo &#8211; PuPe 2 <\/em><\/strong><em>2-0 (5-4, 9-1)<\/em> <a href=\"http:\/\/www.jyvaskylanvalo.net\/?p=3607\">Otteluraportti<\/a><br \/><em>Lauantaina 14.8.2021 klo 18.00 JoMa 3 &#8211; Valo 2-0 (24-0, 17-6)<\/em> <a href=\"http:\/\/www.jyvaskylanvalo.net\/?p=3642\">Otteluraportti<\/a><br \/><em>Sunnuntaina 15.8.2021 klo 17.00 ViU 2 &#8211; Valo 2-1 (3-6, 6-2, 2-1)<\/em> <a href=\"http:\/\/www.jyvaskylanvalo.net\/?p=3646\">Otteluraportti<\/a><\/p>\n<p>Kotiottelut pelataan Yrttisuon pes\u00e4pallokent\u00e4ll\u00e4 ja kioski palvelee pelin ajan. Maksuton sis\u00e4\u00e4np\u00e4\u00e4sy!<\/p>\n<p>Sarjaohjelmat ja pelien tulokset l\u00f6yd\u00e4t <a href=\"https:\/\/www.pesistulospalvelu.fi\/joukkuehistoria\/13524\">t\u00e4\u00e4lt\u00e4<\/a>.<\/p>\n<h2>Kausi 2020<\/h2>\n<p>Valon naiset eiv\u00e4t osallistuneet kaudella 2020 naisten maakuntasarjaan, mutta pesisgissat kuitenkin reenasivat kaksi kertaa viikossa Yrttisuon pes\u00e4pallokent\u00e4ll\u00e4. Varsinkin loppukes\u00e4st\u00e4 saatiin uusia pelaajia mukaan, joten rinki kasvaa entisest\u00e4\u00e4n.<\/p>\n<h2>Kausi 2019<\/h2>\n<p>Valon naiset osallistuivat kaudella 2019 naisten maakuntasarjan it\u00e4lohkoon. Sarjassa oli viisi joukkuetta, jotka pelasivat kolminkertaisen runkosarjan.<\/p>\n<p>Talvella joukkue harjoitteli kerran viikossa Kuokkalan Graniitissa ja kes\u00e4ll\u00e4 kaksi kertaa viikossa Yrttisuon pes\u00e4pallokent\u00e4ll\u00e4. Kes\u00e4n aikana joukkueessa oli per\u00e4ti 22 pelaajaa ja useampi reenari.<\/p>\n<p><strong>Valon naisten ottelut kaudella 2019<\/strong><\/p>\n<p><em>La 25.5 Varkaus &#8211; Valo <\/em>2-1 (6-10, 6-1, 2-0) <a href=\"http:\/\/www.jyvaskylanvalo.net\/?p=2694\">Otteluraportti<\/a><br \/><strong><em>Ke 5.6 klo 18.00 Valo &#8211; Kuopio<\/em> 2-0 (7-3, 4-3) <\/strong><a href=\"http:\/\/www.jyvaskylanvalo.net\/?p=2723\">Otteluraportti<\/a><strong><br \/><\/strong><em>Su 9.6 klo 16.00 Varkaus &#8211; Valo<\/em> 2-0 (7-5, 6-3) <a href=\"http:\/\/www.jyvaskylanvalo.net\/?p=2729\">Otteluraportti<\/a><strong><br \/><\/strong><em>Su 16.6 klo 12 Kuopio &#8211; Valo<\/em> 2-1 (3-4, 7-4, 2-0) <a href=\"http:\/\/www.jyvaskylanvalo.net\/?p=2773\">Otteluraportti<\/a><br \/><em><strong>Ke 19.6 klo 18.00 Valo &#8211; Siilinj\u00e4rvi <\/strong><\/em>0-2 (1-7, 2-3)<br \/><strong><em>Ti 25.6 klo 18.00 Valo &#8211; Joensuu <\/em><\/strong>0-2 (8-12, 5-8)<br \/><em>La 29.6 klo 16.00 Siilinj\u00e4rvi &#8211; Valo<\/em> 2-0 (6-0, 10-3) <a href=\"http:\/\/www.jyvaskylanvalo.net\/?p=2738\">Otteluraportti<\/a><br \/><em><strong>Ke 24.7 klo 18.00 Valo &#8211; Kuopio <\/strong><\/em>0-1 (8-8, 5-6) <a href=\"http:\/\/www.jyvaskylanvalo.net\/?p=2744\">Otteluraportti<\/a><strong><br \/><em>Ti 6.8 klo 18.00 Valo &#8211; Varkaus <\/em><\/strong>0-2 (9-10, 8-9) <a href=\"http:\/\/www.jyvaskylanvalo.net\/?p=2793\">Otteluraportti<\/a><strong><br \/><\/strong><em>Su 11.8 klo 17 Siilinj\u00e4rvi &#8211; Valo<\/em> 2-1 (16-1, 2-7, 6-2) <a href=\"http:\/\/www.jyvaskylanvalo.net\/?p=2834\">Otteluraportti<\/a><br \/><em><strong>La 17.8 klo 14.00 Valo &#8211; Joensuu <\/strong><\/em>0-1 (2-4, 1-1) <a href=\"http:\/\/www.jyvaskylanvalo.net\/?p=2880\">Otteluraportti<\/a><br \/><em>La 24.8 klo 13 Joensuu &#8211; Valo<\/em><\/p>\n<p>Pelaajat kaudella 2019:<\/p>\n<p><a href=\"http:\/\/www.jyvaskylanvalo.net\/?p=2851\">Anne Ala-Luoma<\/a><br \/><a href=\"http:\/\/www.jyvaskylanvalo.net\/?p=2815\">Eeva Auvinen<\/a><br \/><a href=\"http:\/\/www.jyvaskylanvalo.net\/?p=2825\">Susanna Hietala<\/a><br \/>Mari Hirvel\u00e4<br \/><a href=\"http:\/\/www.jyvaskylanvalo.net\/?p=2855\">Elina Kari<\/a><br \/>Eeva Kettunen<br \/><a href=\"http:\/\/www.jyvaskylanvalo.net\/?p=2762\">Iida Kivil\u00e4hde<\/a><br \/><a href=\"http:\/\/www.jyvaskylanvalo.net\/?p=2822\">Marianna Kivinen<\/a><br \/><a href=\"http:\/\/www.jyvaskylanvalo.net\/?p=2812\">Henna Kokko<\/a><br \/><a href=\"http:\/\/www.jyvaskylanvalo.net\/?p=2790\">Vilma Liikala<\/a><br \/>Viivi Nyk\u00e4nen<br \/>Pia Pekkala<br \/><a href=\"http:\/\/www.jyvaskylanvalo.net\/?p=2778\">Petra Pelto-Arvo<\/a><br \/><a href=\"http:\/\/www.jyvaskylanvalo.net\/?p=2781\">Oona Pietinen<\/a><br \/>Viivi Piiponniemi<br \/><a href=\"http:\/\/www.jyvaskylanvalo.net\/?p=2847\">Elli Pulkkinen<\/a><br \/>Laura P\u00f6ll\u00e4nen<br \/><a href=\"http:\/\/www.jyvaskylanvalo.net\/?p=2757\">Noora Ruuskanen<\/a><br \/>Lotta Sarpola<br \/>Sini Siekkinen<br \/><a href=\"http:\/\/www.jyvaskylanvalo.net\/?p=2796\">Petra Vuorinen<\/a><br \/><a href=\"http:\/\/www.jyvaskylanvalo.net\/?p=2746\">Suvi V\u00e4nninen<\/a><br \/>Pia Pekkala<br \/>Pelinjohtajana Laura Nuutinen<\/p>\n<h2>Kausi 2018<\/h2>\n<p>Valon naiset osallistuivat kaudella 2018 maakuntasarjan it\u00e4lohkoon. Sarjassa oli yhteens\u00e4 seitsem\u00e4n joukkuetta ja Valo sijoittui sarjataulukossa sijalle nelj\u00e4. Pesisgissojen joukkueessa pelasi kauden aikana yhteens\u00e4 18 pelaajaa ja reeneiss\u00e4 oli mukana useampikin reenari. Talvella reenattiin kerta viikossa ja kes\u00e4ll\u00e4 reenit py\u00f6ri kaksi kertaa viikossa tutulla Yrttisuon kent\u00e4ll\u00e4.<\/p>\n<div><strong>Valon naisten ottelut kaudella 2018<\/strong><\/div>\n<p><em><strong>Su 20.5 klo 13\u00a0 Jyv\u00e4skyl\u00e4 \u2013 Viinij\u00e4rvi <\/strong>0-2 (5-6, 1-7) <\/em><a href=\"http:\/\/www.jyvaskylanvalo.net\/?p=1899\">Otteluraportti<\/a><br \/><em>Su 3.6 klo 17\u00a0 Joroinen &#8211; Jyv\u00e4skyl\u00e4\u00a0\u00a0 <strong>0-2<\/strong> (2-5, 0-11)<\/em> <a href=\"http:\/\/www.jyvaskylanvalo.net\/?p=1938\">Otteluraportti<\/a><br \/><em><strong>Su 10.6 klo 15\u00a0 Jyv\u00e4skyl\u00e4 \u2013 Varkaus 2-0 <\/strong>(4-2, 7-1) Ei raporttia<\/em><br \/><em><strong> La 16.6 klo 13\u00a0 Jyv\u00e4skyl\u00e4 \u2013 Kuopio 2 1-0 <\/strong>(11-4, 7-7)<\/em> <a href=\"http:\/\/www.jyvaskylanvalo.net\/?p=1976\">Otteluraportti<\/a><br \/><em>Su 17.6 klo 12\u00a0 Varkaus &#8211; Jyv\u00e4skyl\u00e4 <strong>0-2 <\/strong>(1-9, 4-5) <\/em><a href=\"http:\/\/www.jyvaskylanvalo.net\/?p=1982\">Otteluraportti<\/a><br \/><em>La 28.7 klo 15\u00a0 Kuopio &#8211; Jyv\u00e4skyl\u00e4 <strong>1-2<\/strong> (9-8, 3-11, 0-0, 1-2) <\/em><a href=\"http:\/\/www.jyvaskylanvalo.net\/?p=2042\">Otteluraportti<\/a><br \/><em><strong> Su\u00a0 5.8 klo 18\u00a0 Jyv\u00e4skyl\u00e4 &#8211; Joroinen 2-0 <\/strong>(8-2, 8-3)<\/em> <a href=\"http:\/\/www.jyvaskylanvalo.net\/?p=2079\">Otteluraportti<\/a><strong><br \/><\/strong><em><strong>Ke\u00a0 8.8 klo 18 Jyv\u00e4skyl\u00e4 &#8211; Joensuu 3 2-0<\/strong> (5-1, 9-2)<\/em><br \/><em> La 11.8 klo 15\u00a0 Viinij\u00e4rvi &#8211; Jyv\u00e4skyl\u00e4 2-0 (3-0, 13-0)<\/em><br \/><em> Su 12.8 klo 12\u00a0 Joensuu &#8211; Jyv\u00e4skyl\u00e4 2-0 (11-7, 11-1)<\/em><br \/><em> <strong> La 18.8 klo 17\u00a0 Jyv\u00e4skyl\u00e4 \u2013 Siilinj\u00e4rvi <\/strong>3 0-2 (2-11, 7-9)<\/em><br \/><em> La 25.8 klo 15\u00a0 Siilinj\u00e4rvi &#8211; Jyv\u00e4skyl\u00e4 2-0 (17-0, 17-3)<\/em><\/p>\n<p><strong>Valon gissat kiitt\u00e4v\u00e4t kaudesta 2018! Ensi vuonna taas jatketaan!<\/strong><\/p>\n<h2>Kausi 2017<\/h2>\n<p>Naiset osallistuivat kaudella 2017 naisten maakuntasarjan it\u00e4lohkoon. Joukkueessa oli yhteens\u00e4 15 lisenssipelaajaa ja useampi reenari ja yhdess\u00e4 reenattiin kaksi kertaa viikossa Yrttisuon kent\u00e4ll\u00e4.<\/p>\n<p>Valon naisten ottelut kaudella 2017<br \/>Naisten maakuntasarjan it\u00e4lohko<\/p>\n<p><em>To 8.6. 2017 klo. 18.00 Siilinj\u00e4rvi &#8211; Valo\u00a0\u00a0 <\/em>2-0 (3-1, 5-4) <a href=\"http:\/\/www.jyvaskylanvalo.net\/?p=1105\"><span style=\"text-decoration: underline;\">Otteluraportti<\/span><\/a><br \/><strong><em>Su 11.6.2017 klo. 17.00 Valo &#8211; Joensuu\u00a0\u00a0<\/em> 2-0 <\/strong>(5-4, 6-1)<strong>\u00a0<\/strong><span style=\"text-decoration: underline;\"><a href=\"http:\/\/www.jyvaskylanvalo.net\/?p=1120\">Otteluraportti<\/a><\/span><br \/><em><strong> Ma 19.6.2017 klo. 18.00 Valo &#8211; Varkaus\u00a0 <\/strong><\/em><strong>2-0 <\/strong>(4-3, 10-5) <a href=\"http:\/\/www.jyvaskylanvalo.net\/?p=1153\"><span style=\"text-decoration: underline;\">Otteluraportti<\/span><\/a><strong><br \/><\/strong><em>Su 9.7.2017 klo. 13.00 Joensuu &#8211; Valo\u00a0\u00a0\u00a0\u00a0 <\/em>2-0 (6-0, 12-8) <a href=\"http:\/\/www.jyvaskylanvalo.net\/?p=1244\"><span style=\"text-decoration: underline;\">Otteluraportti<\/span><\/a><br \/><em><strong> La 15.7.2017 klo. 12.00 Valo &#8211; Siilinj\u00e4rvi<\/strong> <\/em>1-2 (2-9, 4-1, 0-1) <a href=\"http:\/\/www.jyvaskylanvalo.net\/?p=1290\"><span style=\"text-decoration: underline;\">Otteluraportti<\/span><\/a><strong><br \/><\/strong><em>La 22.7.2017 Varkaudessa kaksi peli\u00e4<\/em><br \/><em> klo. 10.30 Joensuu &#8211; Valo<\/em>\u00a0\u00a0\u00a0\u00a0\u00a0\u00a0\u00a0\u00a0\u00a0\u00a0\u00a0\u00a0\u00a0\u00a0 \u00a0\u00a0 <strong>0-2 <\/strong>(5-7, 1-10) <span style=\"text-decoration: underline;\"><a href=\"http:\/\/www.jyvaskylanvalo.net\/?p=1334\">Otteluraportti<\/a><\/span><br \/><em>klo. 12.30 Varkaus &#8211; Valo\u00a0\u00a0\u00a0\u00a0\u00a0\u00a0\u00a0\u00a0\u00a0\u00a0\u00a0\u00a0\u00a0\u00a0\u00a0\u00a0\u00a0 <\/em><strong>0-1 <\/strong>(6-13, 5-5) <span style=\"text-decoration: underline;\"><a href=\"http:\/\/www.jyvaskylanvalo.net\/?p=1357\">Otteluraportti<\/a><\/span><br \/><strong><em> Su 6.8.2017 klo. 13.00 Valo &#8211; Joensuu<\/em>\u00a0\u00a0\u00a0 2-1 <\/strong>(1-8, 18-2, 1-0) <a href=\"http:\/\/www.jyvaskylanvalo.net\/?p=1444\"><span style=\"text-decoration: underline;\">Otteluraportti<\/span><\/a><strong><br \/><em>To 10.8.2017 klo. 18.00 Valo &#8211; Varkaus<\/em><\/strong> <strong>2-0<\/strong> (6-3, 4-1) <a href=\"http:\/\/www.jyvaskylanvalo.net\/?p=1563\"><span style=\"text-decoration: underline;\">Otteluraportti<\/span><\/a><br \/><em><strong> Su 13.8.2017 klo. 13.00 Valo &#8211; Siilinj\u00e4rvi\u00a0<\/strong><\/em>1-2 (0-7, 4-3, 0-1) <span style=\"text-decoration: underline;\"><a href=\"http:\/\/www.jyvaskylanvalo.net\/?p=1461\">Otteluraportti<\/a><\/span><br \/><em>Su 20.8.2017 Tuplareissu Siilinj\u00e4rvelle ja Varkauteen<\/em><br \/><em> klo. 10.30 Varkaus &#8211; Valo\u00a0\u00a0\u00a0\u00a0\u00a0\u00a0\u00a0\u00a0\u00a0\u00a0\u00a0\u00a0\u00a0\u00a0\u00a0\u00a0\u00a0 <\/em>2-0 (9-7, 12-8)<br \/><em>klo. 16.00 Siilinj\u00e4rvi &#8211; Valo\u00a0\u00a0\u00a0\u00a0\u00a0\u00a0\u00a0\u00a0\u00a0\u00a0\u00a0\u00a0\u00a0\u00a0\u00a0\u00a0 <\/em>2-0 (14-6, 4-3)<\/p>\n<p>Sarjataulukon l\u00f6yd\u00e4t <a href=\"http:\/\/ftp.pesis.fi\/nmk17it.txt\">t\u00e4\u00e4lt\u00e4<\/a><\/p>\n<p>Kausi p\u00e4\u00e4ttyi Valon osalta runkosarjan 2. sijaan. Valolla olisi ollut mahdollisuus pelata noususta naisten suomensarjaan, mutta Valo luopui karsintapeleist\u00e4 aikatauluhaasteiden vuoksi.<br \/><strong>\u00a0<\/strong><\/p>\n<p><img class=\"alignright size-full wp-image-1591\" src=\"http:\/\/www.jyvaskylanvalo.net\/wp-content\/uploads\/2017\/09\/mahtavajoukkue.jpg\" alt=\"\" width=\"%\" srcset=\"https:\/\/www.jyvaskylanvalo.net\/wp-content\/uploads\/2017\/09\/mahtavajoukkue.jpg 1200w, https:\/\/www.jyvaskylanvalo.net\/wp-content\/uploads\/2017\/09\/mahtavajoukkue-300x143.jpg 300w, https:\/\/www.jyvaskylanvalo.net\/wp-content\/uploads\/2017\/09\/mahtavajoukkue-768x366.jpg 768w, https:\/\/www.jyvaskylanvalo.net\/wp-content\/uploads\/2017\/09\/mahtavajoukkue-1024x488.jpg 1024w\" sizes=\"(max-width: 1200px) 100vw, 1200px\" \/><\/p>\n<p>Valon naiset l\u00f6yd\u00e4t nyt my\u00f6s <a href=\"http:\/\/instagram.com\/valongissat\">Instagramista<\/a><\/p>\n<p><strong>Valon naiset kaudella 2017<\/strong><\/p>\n<p><a href=\"http:\/\/www.jyvaskylanvalo.net\/?p=1373\">Sofia Linna<\/a><\/p>\n<p><a href=\"http:\/\/www.jyvaskylanvalo.net\/?p=1268\">Kaarina Nurmesniemi<\/a><\/p>\n<p><a href=\"http:\/\/www.jyvaskylanvalo.net\/?p=1330\">Tiina Ranne<\/a><\/p>\n<p><a href=\"http:\/\/www.jyvaskylanvalo.net\/?p=1265\">Henna H\u00e4m\u00e4l\u00e4inen<\/a><\/p>\n<p><a href=\"http:\/\/www.jyvaskylanvalo.net\/?p=1241\">Paula Pesola<\/a><\/p>\n<p><a href=\"http:\/\/www.jyvaskylanvalo.net\/?p=1226\">Johanna Vikman<\/a><\/p>\n<p><a href=\"http:\/\/www.jyvaskylanvalo.net\/?p=1170\">Emmi Ahola<\/a><\/p>\n<p><a href=\"http:\/\/www.jyvaskylanvalo.net\/?p=1380\">Marjo Auvinen<\/a><\/p>\n<p><a href=\"http:\/\/www.jyvaskylanvalo.net\/?p=1500&amp;preview=true\">Heidi Lindberg<\/a><\/p>\n<p><a href=\"http:\/\/www.jyvaskylanvalo.net\/?p=1393\">Anne Ala-Luoma<\/a><\/p>\n<p>Jonna Satosaari<\/p>\n<p>Viivi Nyk\u00e4nen<\/p>\n<p>Noora Ruuskanen<\/p>\n<p>Nina Huovinen<\/p>\n<p>Sini Siekkinen<\/p>\n<p><strong><br \/>Kausi 2016<\/strong><\/p>\n<p>Valon naisten joukkue osallistui muutaman vuoden tauon j\u00e4lkeen kes\u00e4ll\u00e4 2016 naisten maakuntasarjan it\u00e4lohkoon. Kes\u00e4n tavoitteena oli pelata iloista pes\u00e4palloa ja voittaa mahdollisimman monta peli\u00e4. T\u00e4ss\u00e4 tavoitteessa onnistuttiin ja Valon naiset sijoittuivat sarjataulukossa nelj\u00e4nneksi voitettuaan kahdestatoista pelist\u00e4 viisi. Kes\u00e4 oli oikein onnistunut ja peleiss\u00e4 n\u00e4htiin jopa 19 eri pelaajaa. <a href=\"http:\/\/ftp.pesis.fi\/nmk16it.txt\">Naisten maakuntasarjan it\u00e4lohkon tulokset kaudella 2016<\/a><\/p>\n\n\n<p><\/p>\n","protected":false},"excerpt":{"rendered":"<p>Valon naisten pes\u00e4pallojoukkue Kausi 2025 Kaudella 2025 Valon naiset eiv\u00e4t osallistu naisten maakuntasarjaan v\u00e4h\u00e4isen pelaajam\u00e4\u00e4r\u00e4n vuoksi. Reenit py\u00f6riv\u00e4t kuitenkin l\u00e4pi vuoden ja joukkoon otetaan lis\u00e4\u00e4 harrastajia mukaan. Mik\u00e4li reenaaminen Valon gissoissa kiinnostaa ja sinulta l\u00f6ytyy kokemusta pes\u00e4pallosta, otathan yhteytt\u00e4 s\u00e4hk\u00f6postilla jyvaskylanvalo@gmail.com. Kausi 2024 Kaudella 2024 Valon pesisgissat osallistuivat maakuntasarjan it\u00e4lohkoon yhden v\u00e4livuoden j\u00e4lkeen. Pelaajia on<\/p>\n<p><a class=\"read-more\" href=\"https:\/\/www.jyvaskylanvalo.net\/?page_id=288\"> Lue lis&auml;&auml;<\/a><\/p>\n","protected":false},"author":1,"featured_media":0,"parent":0,"menu_order":0,"comment_status":"closed","ping_status":"closed","template":"","meta":{"_mi_skip_tracking":false,"_exactmetrics_sitenote_active":false,"_exactmetrics_sitenote_note":"","_exactmetrics_sitenote_category":0},"_links":{"self":[{"href":"https:\/\/www.jyvaskylanvalo.net\/index.php?rest_route=\/wp\/v2\/pages\/288"}],"collection":[{"href":"https:\/\/www.jyvaskylanvalo.net\/index.php?rest_route=\/wp\/v2\/pages"}],"about":[{"href":"https:\/\/www.jyvaskylanvalo.net\/index.php?rest_route=\/wp\/v2\/types\/page"}],"author":[{"embeddable":true,"href":"https:\/\/www.jyvaskylanvalo.net\/index.php?rest_route=\/wp\/v2\/users\/1"}],"replies":[{"embeddable":true,"href":"https:\/\/www.jyvaskylanvalo.net\/index.php?rest_route=%2Fwp%2Fv2%2Fcomments&post=288"}],"version-history":[{"count":178,"href":"https:\/\/www.jyvaskylanvalo.net\/index.php?rest_route=\/wp\/v2\/pages\/288\/revisions"}],"predecessor-version":[{"id":4047,"href":"https:\/\/www.jyvaskylanvalo.net\/index.php?rest_route=\/wp\/v2\/pages\/288\/revisions\/4047"}],"wp:attachment":[{"href":"https:\/\/www.jyvaskylanvalo.net\/index.php?rest_route=%2Fwp%2Fv2%2Fmedia&parent=288"}],"curies":[{"name":"wp","href":"https:\/\/api.w.org\/{rel}","templated":true}]}}