{"id":249,"date":"2016-07-11T15:48:43","date_gmt":"2016-07-11T12:48:43","guid":{"rendered":"http:\/\/www.jyvaskylanvalo.net\/wordpress\/?page_id=249"},"modified":"2016-08-30T19:11:05","modified_gmt":"2016-08-30T16:11:05","slug":"seura","status":"publish","type":"page","link":"https:\/\/www.jyvaskylanvalo.net\/?page_id=249","title":{"rendered":"Historia"},"content":{"rendered":"<h2>Valon kasvatit<\/h2>\n<p>Eki\u00e4 ei tarvitse esitell\u00e4, h\u00e4net tuntevat niin juniorit, seniorit ja kaikki silt\u00e4 v\u00e4lilt\u00e4. Ulla tuli Petanki kent\u00e4lle kameransa kanssa 26.5.2016 ja napsautti kuvan seuran kasvateista.<\/p>\n<p><img class=\"aligncenter\" src=\"http:\/\/www.jyvaskylanvalo.net\/wp-content\/uploads\/2016\/07\/Kuokkanen-001.jpg\" alt=\"Valon kasvatit\" \/><\/p>\n<p>Minulle Jyv\u00e4skyl\u00e4n Valo ent. Tikan Valo oli itsest\u00e4\u00e4n selv\u00e4 asia, olinhan Tikkalainen ja kiinnostunut urheilusta lapsesta asti. Tikan koulun kentt\u00e4 tuli jo tutuksi kouluajoista ja sinne se veri veti vapaa-ajallakin. Aloitin miesten pes\u00e4pallopelien kirjuroinnin jo 12 &#8211; 13-vuotiaana. Se oli tosi mielenkiintoista hommaa. 13-vuotiaana aloitin naisten kanssa lentopallon harrastuksen ja suomisarjaan asti p\u00e4\u00e4sin, kun lopetin jo 20-vuotiaana. Voi niit\u00e4 aikoja&#8230;.. Jatkoin lentopallon saralla kirjurina ja rajatuomarina vuosia. Sihteerin\u00e4 toimin 80-luvun lopulla.<\/p>\n<p>Sitten seurasi muutaman vuosikymmenen tauko &#8211; kunnes minut saatiin houkuteltua petangin pariin. Ja niinh\u00e4n siin\u00e4 k\u00e4vi, ett\u00e4 kentt\u00e4 kutsuu kolmesti viikossa Yrttisuolle kuulien kimppuun. Laji on miesvaltainen, mutta alkukankeuden j\u00e4lkeen minut on otettu vastaan &#8221;melkein tasavertaisena&#8221; porukkaan. Naisia kaivattaisiin kent\u00e4lle!<\/p>\n<p>Olen my\u00f6s muuttanut helmikuussa Kuokkalan Puukuokkaan, joten rinki taitaa olla sulkeutumassa!<\/p>\n<p>Hyv\u00e4\u00e4 ja innokasta kes\u00e4\u00e4 urheilun parissa kaikille Valolaisille \ud83d\ude09 Terveisin Riitta J\u00e4ms\u00e4 (os.Kakkonen)<\/p>\n<p>&nbsp;<\/p>\n","protected":false},"excerpt":{"rendered":"<p>Valon kasvatit Eki\u00e4 ei tarvitse esitell\u00e4, h\u00e4net tuntevat niin juniorit, seniorit ja kaikki silt\u00e4 v\u00e4lilt\u00e4. Ulla tuli Petanki kent\u00e4lle kameransa kanssa 26.5.2016 ja napsautti kuvan seuran kasvateista. Minulle Jyv\u00e4skyl\u00e4n Valo ent. Tikan Valo oli itsest\u00e4\u00e4n selv\u00e4 asia, olinhan Tikkalainen ja kiinnostunut urheilusta lapsesta asti. Tikan koulun kentt\u00e4 tuli jo tutuksi kouluajoista ja sinne se veri<\/p>\n<p><a class=\"read-more\" href=\"https:\/\/www.jyvaskylanvalo.net\/?page_id=249\"> Lue lis&auml;&auml;<\/a><\/p>\n","protected":false},"author":1,"featured_media":0,"parent":0,"menu_order":0,"comment_status":"closed","ping_status":"closed","template":"about.php","meta":{"_mi_skip_tracking":false,"_exactmetrics_sitenote_active":false,"_exactmetrics_sitenote_note":"","_exactmetrics_sitenote_category":0},"_links":{"self":[{"href":"https:\/\/www.jyvaskylanvalo.net\/index.php?rest_route=\/wp\/v2\/pages\/249"}],"collection":[{"href":"https:\/\/www.jyvaskylanvalo.net\/index.php?rest_route=\/wp\/v2\/pages"}],"about":[{"href":"https:\/\/www.jyvaskylanvalo.net\/index.php?rest_route=\/wp\/v2\/types\/page"}],"author":[{"embeddable":true,"href":"https:\/\/www.jyvaskylanvalo.net\/index.php?rest_route=\/wp\/v2\/users\/1"}],"replies":[{"embeddable":true,"href":"https:\/\/www.jyvaskylanvalo.net\/index.php?rest_route=%2Fwp%2Fv2%2Fcomments&post=249"}],"version-history":[{"count":17,"href":"https:\/\/www.jyvaskylanvalo.net\/index.php?rest_route=\/wp\/v2\/pages\/249\/revisions"}],"predecessor-version":[{"id":542,"href":"https:\/\/www.jyvaskylanvalo.net\/index.php?rest_route=\/wp\/v2\/pages\/249\/revisions\/542"}],"wp:attachment":[{"href":"https:\/\/www.jyvaskylanvalo.net\/index.php?rest_route=%2Fwp%2Fv2%2Fmedia&parent=249"}],"curies":[{"name":"wp","href":"https:\/\/api.w.org\/{rel}","templated":true}]}}