{"id":2151,"date":"2018-08-30T19:25:42","date_gmt":"2018-08-30T16:25:42","guid":{"rendered":"http:\/\/www.jyvaskylanvalo.net\/?page_id=2151"},"modified":"2020-05-26T21:13:11","modified_gmt":"2020-05-26T18:13:11","slug":"aiemmat-kaudet","status":"publish","type":"page","link":"https:\/\/www.jyvaskylanvalo.net\/?page_id=2151","title":{"rendered":"Aiemmat kaudet"},"content":{"rendered":"<p>Kaudella 2016-2017 Valon naiset osallistuivat ensimm\u00e4ist\u00e4 kertaa seuran historiassa salibandyliiton alaiseen sarjaan ja pelasivat otteluja naisten 4.divarin Sis\u00e4-Suomen lohkossa. Valo sijoittui ensimm\u00e4isell\u00e4 s\u00e4b\u00e4kaudellaan kuudenneksi, joukkueita oli lohkossa kahdeksan. Voit lukea ensimm\u00e4isen kauden edesottamuksista <a href=\"http:\/\/www.jyvaskylanvalo.net\/?page_id=916\">t\u00e4\u00e4lt\u00e4<\/a><\/p>\n<p>Koska salibandyn pelaaminen oli niin mukavaa, oli historian ensimm\u00e4isen kauden j\u00e4lkeen selv\u00e4\u00e4, ett\u00e4 Valo osallistuu my\u00f6s seuraavallakin kaudella naisten 4.divariin. Kausi oli eritt\u00e4in onnistunut ja Valo sijoittui sarjataulukossa sijalle nelj\u00e4, joukkueita oli kaikkiaan kymmenen. Kauteen 2017-2018 p\u00e4\u00e4set kurkistamaan <a href=\"http:\/\/www.jyvaskylanvalo.net\/?page_id=1620\">t\u00e4\u00e4lt\u00e4<\/a><\/p>\n<p>Valo osallistui j\u00e4lleen naisten 4.divariin kaudella 2018-2019 ja joukkueessa n\u00e4htiin paljon uusia huipputyyppej\u00e4. Kausi meni yli odotusten ja kauden lopussa p\u00e4\u00e4stiinkin juhlimaan nousua 3.divariin. Kauteen 2018-2019 p\u00e4\u00e4set tutustumaan <a href=\"http:\/\/www.jyvaskylanvalo.net\/?page_id=2162\">t\u00e4\u00e4lt\u00e4<\/a>.<\/p>\n<p>Kaudella 2019-2020 Valon s\u00e4b\u00e4gissat osallistuivat 3.divariin ja lopputulemana runkosarjan seitsem\u00e4s sija. Kausi keskeytettiin koronarajoitusten vuoksi, mutta runkosarjaa j\u00e4i pelaamatta vain yksi turnaus. Kauteen voit tutustua <a href=\"http:\/\/www.jyvaskylanvalo.net\/?page_id=2995\">t\u00e4\u00e4lt\u00e4.<\/a> Kauden p\u00e4\u00e4tteeksi sarjoja j\u00e4rjesteltiin uusiksi ja Valolle tarjottiin sarjapaikkaa 2.divarista, jonka gissat my\u00f6s ottivat vastaan. N\u00e4in gissat p\u00e4\u00e4sev\u00e4t 2.divarissa vauhtiin tulevalla kaudella.<\/p>\n","protected":false},"excerpt":{"rendered":"<p>Kaudella 2016-2017 Valon naiset osallistuivat ensimm\u00e4ist\u00e4 kertaa seuran historiassa salibandyliiton alaiseen sarjaan ja pelasivat otteluja naisten 4.divarin Sis\u00e4-Suomen lohkossa. Valo sijoittui ensimm\u00e4isell\u00e4 s\u00e4b\u00e4kaudellaan kuudenneksi, joukkueita oli lohkossa kahdeksan. Voit lukea ensimm\u00e4isen kauden edesottamuksista t\u00e4\u00e4lt\u00e4 Koska salibandyn pelaaminen oli niin mukavaa, oli historian ensimm\u00e4isen kauden j\u00e4lkeen selv\u00e4\u00e4, ett\u00e4 Valo osallistuu my\u00f6s seuraavallakin kaudella naisten 4.divariin. Kausi<\/p>\n<p><a class=\"read-more\" href=\"https:\/\/www.jyvaskylanvalo.net\/?page_id=2151\"> Lue lis&auml;&auml;<\/a><\/p>\n","protected":false},"author":1,"featured_media":0,"parent":0,"menu_order":0,"comment_status":"closed","ping_status":"closed","template":"","meta":{"_mi_skip_tracking":false,"_exactmetrics_sitenote_active":false,"_exactmetrics_sitenote_note":"","_exactmetrics_sitenote_category":0},"_links":{"self":[{"href":"https:\/\/www.jyvaskylanvalo.net\/index.php?rest_route=\/wp\/v2\/pages\/2151"}],"collection":[{"href":"https:\/\/www.jyvaskylanvalo.net\/index.php?rest_route=\/wp\/v2\/pages"}],"about":[{"href":"https:\/\/www.jyvaskylanvalo.net\/index.php?rest_route=\/wp\/v2\/types\/page"}],"author":[{"embeddable":true,"href":"https:\/\/www.jyvaskylanvalo.net\/index.php?rest_route=\/wp\/v2\/users\/1"}],"replies":[{"embeddable":true,"href":"https:\/\/www.jyvaskylanvalo.net\/index.php?rest_route=%2Fwp%2Fv2%2Fcomments&post=2151"}],"version-history":[{"count":10,"href":"https:\/\/www.jyvaskylanvalo.net\/index.php?rest_route=\/wp\/v2\/pages\/2151\/revisions"}],"predecessor-version":[{"id":3353,"href":"https:\/\/www.jyvaskylanvalo.net\/index.php?rest_route=\/wp\/v2\/pages\/2151\/revisions\/3353"}],"wp:attachment":[{"href":"https:\/\/www.jyvaskylanvalo.net\/index.php?rest_route=%2Fwp%2Fv2%2Fmedia&parent=2151"}],"curies":[{"name":"wp","href":"https:\/\/api.w.org\/{rel}","templated":true}]}}