{"id":510,"date":"2016-08-08T12:56:03","date_gmt":"2016-08-08T09:56:03","guid":{"rendered":"http:\/\/www.jyvaskylanvalo.net\/wordpress\/?page_id=510"},"modified":"2019-06-09T23:07:23","modified_gmt":"2019-06-09T20:07:23","slug":"toiminta","status":"publish","type":"page","link":"http:\/\/www.jyvaskylanvalo.net\/?page_id=510","title":{"rendered":"Toiminta"},"content":{"rendered":"<p>Jyv\u00e4skyl\u00e4n Valo Ry on jo vuodesta 1948 toiminut seurana, joka on tarjonnut erilaisia liikuntamuotoja Jyv\u00e4skyl\u00e4n ja Kuokkalan kaupunginosassa asuville ja on kuulunut kaupunkimme urheiluseurakarttaan pysyv\u00e4n\u00e4 ilmi\u00f6n\u00e4.<\/p>\n<p>Kaupungin osamme asukasm\u00e4\u00e4r\u00e4 on kasvanut jo yli 17000:n ja kasvaa koko ajan. Seuramme pyrkimyksen\u00e4 on j\u00e4rjest\u00e4\u00e4 mahdollisuus liikkumiseen niin ettei ihmisten taloudellinen tilanne on esteen\u00e4 liikkumiselle, erityisesti lapsille ja nuorille. Seurassamme pelataan pes\u00e4palloa Yrttisuolla. Talvella pelaamme my\u00f6s salibandy\u00e4.<\/p>\n<p>Tarjolla on my\u00f6s i\u00e4kk\u00e4immille tarkoitettuja liikuntamuotoja kuten lentopallo. Kes\u00e4isin pelaamme Yrttisuolla petankkia, jossa kilpailemme my\u00f6s eri sarjatasoilla. Toivomme j\u00e4seniemme saavan toiminnasta liikunnan iloa, virkistyst\u00e4 ja toiminta toimii samalla terveyden l\u00e4hteen\u00e4 ja liikkumisesta on tullut el\u00e4m\u00e4ntapa. Tule mukaan liikkumaan kanssamme puulaakitasosta kilpaurheiluun.<\/p>\n","protected":false},"excerpt":{"rendered":"<p>Jyv\u00e4skyl\u00e4n Valo Ry on jo vuodesta 1948 toiminut seurana, joka on tarjonnut erilaisia liikuntamuotoja Jyv\u00e4skyl\u00e4n ja Kuokkalan kaupunginosassa asuville ja on kuulunut kaupunkimme urheiluseurakarttaan pysyv\u00e4n\u00e4 ilmi\u00f6n\u00e4. Kaupungin osamme asukasm\u00e4\u00e4r\u00e4 on kasvanut jo yli 17000:n ja kasvaa koko ajan. Seuramme pyrkimyksen\u00e4 on j\u00e4rjest\u00e4\u00e4 mahdollisuus liikkumiseen niin ettei ihmisten taloudellinen tilanne on esteen\u00e4 liikkumiselle, erityisesti lapsille ja<\/p>\n<p><a class=\"read-more\" href=\"http:\/\/www.jyvaskylanvalo.net\/?page_id=510\"> Lue lis&auml;&auml;<\/a><\/p>\n","protected":false},"author":1,"featured_media":0,"parent":0,"menu_order":0,"comment_status":"closed","ping_status":"closed","template":"about.php","meta":{"_mi_skip_tracking":false,"_exactmetrics_sitenote_active":false,"_exactmetrics_sitenote_note":"","_exactmetrics_sitenote_category":0},"_links":{"self":[{"href":"http:\/\/www.jyvaskylanvalo.net\/index.php?rest_route=\/wp\/v2\/pages\/510"}],"collection":[{"href":"http:\/\/www.jyvaskylanvalo.net\/index.php?rest_route=\/wp\/v2\/pages"}],"about":[{"href":"http:\/\/www.jyvaskylanvalo.net\/index.php?rest_route=\/wp\/v2\/types\/page"}],"author":[{"embeddable":true,"href":"http:\/\/www.jyvaskylanvalo.net\/index.php?rest_route=\/wp\/v2\/users\/1"}],"replies":[{"embeddable":true,"href":"http:\/\/www.jyvaskylanvalo.net\/index.php?rest_route=%2Fwp%2Fv2%2Fcomments&post=510"}],"version-history":[{"count":5,"href":"http:\/\/www.jyvaskylanvalo.net\/index.php?rest_route=\/wp\/v2\/pages\/510\/revisions"}],"predecessor-version":[{"id":2716,"href":"http:\/\/www.jyvaskylanvalo.net\/index.php?rest_route=\/wp\/v2\/pages\/510\/revisions\/2716"}],"wp:attachment":[{"href":"http:\/\/www.jyvaskylanvalo.net\/index.php?rest_route=%2Fwp%2Fv2%2Fmedia&parent=510"}],"curies":[{"name":"wp","href":"https:\/\/api.w.org\/{rel}","templated":true}]}}