{"id":279,"date":"2016-07-11T16:19:25","date_gmt":"2016-07-11T13:19:25","guid":{"rendered":"http:\/\/www.jyvaskylanvalo.net\/wordpress\/?page_id=279"},"modified":"2021-07-18T11:40:22","modified_gmt":"2021-07-18T08:40:22","slug":"palaute","status":"publish","type":"page","link":"http:\/\/www.jyvaskylanvalo.net\/?page_id=279","title":{"rendered":"Yhteydenotto"},"content":{"rendered":"<h3>Jyv\u00e4skyl\u00e4n Valo Ry<\/h3>\n<p><strong>Puh:<\/strong> 044 340 4688<\/p>\n<p>jyvaskylanvalo[at]gmail.com<\/p>\n<p>Y-tunnus 0174710-6<\/p>\n<hr\/>\n<h4>Tule mukaan toimintaan &#8211; liity Valon j\u00e4seneksi!<\/h4>\n<p>Jos sinua kiinnostaa liitty\u00e4 j\u00e4seneksemme, ole yhteydess\u00e4 oheisen lomakkeen avulla tai soita yll\u00e4 n\u00e4kyv\u00e4\u00e4n numeroon, niin kerromme lis\u00e4\u00e4!<\/p>\n<p><strong>J\u00e4senmaksu<\/strong><\/p>\n<p>Aikuiset 20 \u20ac ja lapset alle 15v 10 \u20ac<br \/>\nTilinumero: FI69 5290 0240 0926 58<br \/>\nViite: 20307<\/p>\n<hr\/>\n<h3>Palaute<\/h3>\n<p>Voit my\u00f6s antaa meille palautetta ja kehitt\u00e4misehdotuksia!<\/p>\n\r\n<form id=\"contactForm\" action=\"http:\/\/www.jyvaskylanvalo.net\/wp-content\/plugins\/sporty-shortcodes-and-widgets\/processform.php\" method=\"post\">\r\n    <label>\r\n        Nimi    <\/label>\r\n    <input type=\"text\" name=\"senderName\" id=\"senderName\" maxlength=\"40\" \/>\r\n    <label>\r\n        S\u00e4hk\u00f6posti    <\/label>\r\n    <input type=\"email\" name=\"senderEmail\" id=\"senderEmail\" maxlength=\"50\" \/>\r\n    <label>\r\n        Viesti    <\/label>\r\n    <textarea name=\"message\" id=\"message\"><\/textarea>\r\n    <input name=\"recipientName\" id=\"recipientName\" type=\"hidden\" value=\"Nimi\" \/>\r\n    <input name=\"recipientSubject\" id=\"recipientSubject\" type=\"hidden\" value=\"Aihe\" \/>\r\n    <input name=\"recipientMail\" id=\"recipientMail\" type=\"hidden\" value=\"juhakarppanen@msn.com\" \/>\r\n    <input type=\"submit\" class=\"button\" id=\"sendMessage\" name=\"sendMessage\" value=\"L\u00e4het\u00e4\" \/>\r\n<\/form>\n","protected":false},"excerpt":{"rendered":"<p>Jyv\u00e4skyl\u00e4n Valo Ry Puh: 044 340 4688 jyvaskylanvalo[at]gmail.com Y-tunnus 0174710-6 Tule mukaan toimintaan &#8211; liity Valon j\u00e4seneksi! Jos sinua kiinnostaa liitty\u00e4 j\u00e4seneksemme, ole yhteydess\u00e4 oheisen lomakkeen avulla tai soita yll\u00e4 n\u00e4kyv\u00e4\u00e4n numeroon, niin kerromme lis\u00e4\u00e4! J\u00e4senmaksu Aikuiset 20 \u20ac ja lapset alle 15v 10 \u20ac Tilinumero: FI69 5290 0240 0926 58 Viite: 20307 Palaute Voit<\/p>\n<p><a class=\"read-more\" href=\"http:\/\/www.jyvaskylanvalo.net\/?page_id=279\"> Lue lis&auml;&auml;<\/a><\/p>\n","protected":false},"author":1,"featured_media":0,"parent":0,"menu_order":0,"comment_status":"closed","ping_status":"closed","template":"","meta":{"_mi_skip_tracking":false,"_exactmetrics_sitenote_active":false,"_exactmetrics_sitenote_note":"","_exactmetrics_sitenote_category":0},"_links":{"self":[{"href":"http:\/\/www.jyvaskylanvalo.net\/index.php?rest_route=\/wp\/v2\/pages\/279"}],"collection":[{"href":"http:\/\/www.jyvaskylanvalo.net\/index.php?rest_route=\/wp\/v2\/pages"}],"about":[{"href":"http:\/\/www.jyvaskylanvalo.net\/index.php?rest_route=\/wp\/v2\/types\/page"}],"author":[{"embeddable":true,"href":"http:\/\/www.jyvaskylanvalo.net\/index.php?rest_route=\/wp\/v2\/users\/1"}],"replies":[{"embeddable":true,"href":"http:\/\/www.jyvaskylanvalo.net\/index.php?rest_route=%2Fwp%2Fv2%2Fcomments&post=279"}],"version-history":[{"count":23,"href":"http:\/\/www.jyvaskylanvalo.net\/index.php?rest_route=\/wp\/v2\/pages\/279\/revisions"}],"predecessor-version":[{"id":3575,"href":"http:\/\/www.jyvaskylanvalo.net\/index.php?rest_route=\/wp\/v2\/pages\/279\/revisions\/3575"}],"wp:attachment":[{"href":"http:\/\/www.jyvaskylanvalo.net\/index.php?rest_route=%2Fwp%2Fv2%2Fmedia&parent=279"}],"curies":[{"name":"wp","href":"https:\/\/api.w.org\/{rel}","templated":true}]}}