{"id":1620,"date":"2017-09-08T09:43:51","date_gmt":"2017-09-08T06:43:51","guid":{"rendered":"http:\/\/www.jyvaskylanvalo.net\/?page_id=1620"},"modified":"2018-08-30T18:54:39","modified_gmt":"2018-08-30T15:54:39","slug":"kausi-17-18","status":"publish","type":"page","link":"http:\/\/www.jyvaskylanvalo.net\/?page_id=1620","title":{"rendered":"Kausi 17-18"},"content":{"rendered":"<p>Valon naisten salibandyjoukkue osallistui toista kertaa per\u00e4kk\u00e4in Salibandyliiton alaiseen sarjaan ja pelasivat kaudella 2017-2018 naisten 4.divaria Sis\u00e4-Suomen lohkossa.<\/p>\n<p><strong>Naisten 4.divarin Sis\u00e4-Suomen turnaukset kaudella 2017-2018<br \/>\n<\/strong><br \/>\n<em>Sunnutai 25.3.2018 M\u00e4ntykallion koulu, J\u00e4ms\u00e4<\/em><br \/>\n<strong><em>Urho &#8211; Valo 1-2<br \/>\nValo &#8211; O2-Jyv\u00e4skyl\u00e4 IV 4-0<\/em><\/strong><\/p>\n<p><em>Lauantai 10.3.2018 Uuraisten koulukeskus, Uurainen <\/em>Ei otteluraporttia<em><br \/>\nValo &#8211; O2-Jyv\u00e4skyl\u00e4 Akatemia 1-2<br \/>\nKuumat &#8211; Valo 3-2<\/em><\/p>\n<p><em>Lauantai 17.2.2018 Syd\u00e4n-Laukaan koulu, Laukaa<\/em> <a href=\"http:\/\/www.jyvaskylanvalo.net\/?p=1779\">Otteluraportit<\/a><br \/>\n<em><strong>Valo &#8211; Kisa 4-1<\/strong><\/em><br \/>\n<em><strong>Valo &#8211; KuuMat 5-3<\/strong><\/em><\/p>\n<p><em>Sunnuntai 28.1.2018 Killerin liikuntakeskus, Jyv\u00e4skyl\u00e4 <\/em><a href=\"http:\/\/www.jyvaskylanvalo.net\/?p=1758\">Otteluraportit<\/a><br \/>\n<strong><em>Kisa &#8211; Valo 2- 4<\/em><\/strong><br \/>\n<em>Valo &#8211; Kikka-74 2-4<\/em><\/p>\n<p><em>Sunnuntai 14.1.2018 \u00c4\u00e4nekosken lukio, \u00c4\u00e4nekoski <\/em><a href=\"http:\/\/www.jyvaskylanvalo.net\/?p=1746\">Otteluraportit<\/a><em><br \/>\nO2-Jyv\u00e4skyl\u00e4 Akatemia &#8211; Valo 7-3<br \/>\n<strong>Valo &#8211; Lepp\u00e4 8-5<\/strong><br \/>\n<\/em><\/p>\n<p><em>Lauantai 16.12.2017 Syd\u00e4n-Laukaan koulu, Laukaa<br \/>\nValo &#8211; Riemu 1-5<br \/>\nLepp\u00e4 &#8211; Valo 2-1<br \/>\n<\/em><\/p>\n<p><em>Sunnuntai 19.11.2017 \u00c4\u00e4nekosken lukio, \u00c4\u00e4nekoski <\/em><a href=\"http:\/\/www.jyvaskylanvalo.net\/?p=1678\">Otteluraportit<\/a><em><br \/>\n<strong>MuurY \u2013 Valo 1-10<br \/>\nO2-Jyv\u00e4skyl\u00e4 IV \u2013 Valo 1-6<\/strong><\/em><\/p>\n<p><em>Sunnuntai 22.10.2017 Uuraisten koulukeskus, Uurainen <\/em><a href=\"http:\/\/www.jyvaskylanvalo.net\/?p=1674\">Otteluraportit<\/a><em><br \/>\nRiemu<strong> \u2013 <\/strong>Valo 3-1<br \/>\nValo <strong>\u2013<\/strong> Urho 2-7<\/em><\/p>\n<p><em>Lauantai 7.10.2017 M\u00e4ntykallion koulu, J\u00e4ms\u00e4 <\/em><a href=\"http:\/\/www.jyvaskylanvalo.net\/?p=1654\">Otteluraportit<\/a><br \/>\n<strong><em>Valo \u2013 MuurY 2-1<\/em><\/strong><br \/>\n<strong> <em>Kikka-74 \u2013 Valo 2-3<\/em><\/strong><\/p>\n<p>T\u00e4\u00e4lt\u00e4 l\u00f6yd\u00e4t tilastoja <a href=\"http:\/\/salibandy.fi\/tulokset\/#\/sarja\/naisten-4-divisioona-ss-n4d-08\/3350\">http:\/\/salibandy.fi\/tulokset\/#\/sarja\/naisten-4-divisioona-ss-n4d-08\/3350<\/a><\/p>\n","protected":false},"excerpt":{"rendered":"<p>Valon naisten salibandyjoukkue osallistui toista kertaa per\u00e4kk\u00e4in Salibandyliiton alaiseen sarjaan ja pelasivat kaudella 2017-2018 naisten 4.divaria Sis\u00e4-Suomen lohkossa. Naisten 4.divarin Sis\u00e4-Suomen turnaukset kaudella 2017-2018 Sunnutai 25.3.2018 M\u00e4ntykallion koulu, J\u00e4ms\u00e4 Urho &#8211; Valo 1-2 Valo &#8211; O2-Jyv\u00e4skyl\u00e4 IV 4-0 Lauantai 10.3.2018 Uuraisten koulukeskus, Uurainen Ei otteluraporttia Valo &#8211; O2-Jyv\u00e4skyl\u00e4 Akatemia 1-2 Kuumat &#8211; Valo 3-2 Lauantai<\/p>\n<p><a class=\"read-more\" href=\"http:\/\/www.jyvaskylanvalo.net\/?page_id=1620\"> Lue lis&auml;&auml;<\/a><\/p>\n","protected":false},"author":1,"featured_media":0,"parent":0,"menu_order":0,"comment_status":"closed","ping_status":"closed","template":"","meta":{"_mi_skip_tracking":false,"_exactmetrics_sitenote_active":false,"_exactmetrics_sitenote_note":"","_exactmetrics_sitenote_category":0},"_links":{"self":[{"href":"http:\/\/www.jyvaskylanvalo.net\/index.php?rest_route=\/wp\/v2\/pages\/1620"}],"collection":[{"href":"http:\/\/www.jyvaskylanvalo.net\/index.php?rest_route=\/wp\/v2\/pages"}],"about":[{"href":"http:\/\/www.jyvaskylanvalo.net\/index.php?rest_route=\/wp\/v2\/types\/page"}],"author":[{"embeddable":true,"href":"http:\/\/www.jyvaskylanvalo.net\/index.php?rest_route=\/wp\/v2\/users\/1"}],"replies":[{"embeddable":true,"href":"http:\/\/www.jyvaskylanvalo.net\/index.php?rest_route=%2Fwp%2Fv2%2Fcomments&post=1620"}],"version-history":[{"count":22,"href":"http:\/\/www.jyvaskylanvalo.net\/index.php?rest_route=\/wp\/v2\/pages\/1620\/revisions"}],"predecessor-version":[{"id":2157,"href":"http:\/\/www.jyvaskylanvalo.net\/index.php?rest_route=\/wp\/v2\/pages\/1620\/revisions\/2157"}],"wp:attachment":[{"href":"http:\/\/www.jyvaskylanvalo.net\/index.php?rest_route=%2Fwp%2Fv2%2Fmedia&parent=1620"}],"curies":[{"name":"wp","href":"https:\/\/api.w.org\/{rel}","templated":true}]}}